iple of 8?
False
Is 6167 a multiple of 142?
False
Is 28 a factor of 21425?
False
Does 7 divide 19813?
False
Is 3731 a multiple of 13?
True
Is 229 a factor of 40159?
False
Is 180 a multiple of 45?
True
Does 77 divide 53669?
True
Is 18198 a multiple of 29?
False
Is 15 a factor of 3525?
True
Is 178 a factor of 9078?
True
Does 36 divide 999?
False
Is 131 a multiple of 7?
False
Does 24 divide 3730?
False
Does 36 divide 242?
False
Does 5 divide 17137?
False
Is 3 a factor of 1284?
True
Does 22 divide 6354?
False
Is 21 a factor of 11025?
True
Does 10 divide 151?
False
Is 2437 a multiple of 3?
False
Is 396 a factor of 57420?
True
Does 27 divide 81?
True
Does 55 divide 4015?
True
Does 17 divide 1578?
False
Is 1388 a multiple of 29?
False
Does 17 divide 1672?
False
Is 36920 a multiple of 52?
True
Is 27995 a multiple of 5?
True
Is 17 a factor of 1863?
False
Does 3 divide 141?
True
Does 5 divide 4255?
True
Is 41190 a multiple of 5?
True
Is 19 a factor of 5106?
False
Does 6 divide 6420?
True
Does 58 divide 1081?
False
Is 1145 a multiple of 4?
False
Is 9 a factor of 2889?
True
Does 15 divide 2445?
True
Is 31 a factor of 4855?
False
Is 1392 a multiple of 17?
False
Does 5 divide 21425?
True
Is 13262 a multiple of 5?
False
Is 148 a factor of 24395?
False
Is 5566 a multiple of 46?
True
Is 35 a factor of 6870?
False
Is 5494 a multiple of 41?
True
Is 18 a factor of 8108?
False
Is 29 a factor of 1102?
True
Is 1191 a multiple of 15?
False
Does 6 divide 3592?
False
Is 26 a multiple of 3?
False
Is 6663 a multiple of 21?
False
Is 18 a factor of 14778?
True
Does 15 divide 1363?
False
Is 10 a factor of 487?
False
Does 58 divide 4234?
True
Does 10 divide 5381?
False
Is 635 a multiple of 18?
False
Does 154 divide 23381?
False
Is 1637 a multiple of 55?
False
Is 15 a factor of 997?
False
Is 32 a factor of 3328?
True
Does 41 divide 6861?
False
Does 13 divide 13?
True
Does 102 divide 1734?
True
Is 6048 a multiple of 72?
True
Is 16 a factor of 547?
False
Is 109 a factor of 37246?
False
Is 2673 a multiple of 6?
False
Is 12975 a multiple of 120?
False
Is 1764 a multiple of 42?
True
Is 37 a factor of 9731?
True
Does 57 divide 1026?
True
Is 5 a factor of 36?
False
Is 66533 a multiple of 94?
False
Does 17 divide 1326?
True
Is 552 a multiple of 69?
True
Is 527 a multiple of 24?
False
Is 506 a multiple of 23?
True
Is 4476 a multiple of 8?
False
Is 20955 a multiple of 54?
False
Is 6 a factor of 3420?
True
Is 50578 a multiple of 309?
False
Is 22730 a multiple of 11?
False
Does 50 divide 689?
False
Does 58 divide 4524?
True
Does 28 divide 1518?
False
Does 3 divide 63?
True
Does 10 divide 460?
True
Is 3 a factor of 159?
True
Is 23 a factor of 1196?
True
Does 7 divide 3738?
True
Is 8 a factor of 10943?
False
Is 64 a factor of 1920?
True
Does 13 divide 3955?
False
Does 11 divide 92947?
False
Is 6 a factor of 7212?
True
Does 7 divide 191?
False
Is 2354 a multiple of 5?
False
Is 2483 a multiple of 13?
True
Is 5 a factor of 1425?
True
Is 1760 a multiple of 11?
True
Is 2521 a multiple of 20?
False
Does 17 divide 68085?
True
Is 15 a factor of 341?
False
Is 116 a factor of 31320?
True
Is 136 a multiple of 24?
False
Is 20824 a multiple of 189?
False
Is 56 a factor of 10630?
False
Does 9 divide 975?
False
Is 246 even?
True
Does 12 divide 1326?
False
Is 111 a factor of 37183?
False
Is 1755 a multiple of 131?
False
Is 359 a multiple of 5?
False
Does 15 divide 2812?
False
Is 9936 a multiple of 69?
True
Is 45861 a multiple of 73?
False
Does 38 divide 61408?
True
Is 14 a factor of 756?
True
Is 840 a multiple of 7?
True
Is 13852 a multiple of 14?
False
Is 10 a factor of 9663?
False
Does 37 divide 3403?
False
Is 14 a factor of 20118?
True
Is 1769 a multiple of 61?
True
Is 2276 a multiple of 21?
False
Is 15 a factor of 1455?
True
Is 7 a factor of 1562?
False
Is 10442 a multiple of 46?
True
Is 21428 a multiple of 44?
True
Is 164 a multiple of 4?
True
Does 58 divide 82?
False
Is 1061 a multiple of 103?
False
Is 3509 a multiple of 66?
False
Is 81690 a multiple of 70?
True
Is 130401 a multiple of 30?
False
Is 41 a factor of 20659?
False
Is 7520 a multiple of 52?
False
Is 41088 a multiple of 214?
True
Is 3674 a multiple of 9?
False
Is 2163 a multiple of 68?
False
Does 68 divide 2448?
True
Is 46 a factor of 3339?
False
Is 16 a factor of 26272?
True
Is 12 a factor of 138696?
True
Is 72 a factor of 24332?
False
Is 9 a factor of 1863?
True
Is 40527 a multiple of 237?
True
Is 59 a factor of 6313?
True
Is 140 a factor of 5740?
True
Is 13 a factor of 97695?
True
Is 1752 a multiple of 2?
True
Does 79 divide 2291?
True
Does 7 divide 32964?
False
Is 11830 a multiple of 130?
True
Is 405 a multiple of 45?
True
Is 23 a factor of 595?
False
Does 16 divide 29109?
False
Does 33 divide 2036?
False
Does 11 divide 42097?
True
Is 14560 a multiple of 7?
True
Is 209 a multiple of 11?
True
Is 2740 a multiple of 7?
False
Is 3352 a multiple of 57?
False
Is 2547 a multiple of 87?
False
Does 38 divide 3344?
True
Does 9 divide 21996?
True
Is 2580 a multiple of 129?
True
Does 10 divide 3644?
False
Is 5852 a multiple of 107?
False
Is 9 a factor of 30009?
False
Does 19 divide 456?
True
Is 14 a factor of 3738?
True
Is 527 a multiple of 17?
True
Does 32 divide 4416?
True
Does 14 divide 3417?
False
Is 60 a multiple of 10?
True
Does 44 divide 64?
False
Is 62 a factor of 804?
False
Is 6656 a multiple of 32?
True
Is 22 a factor of 1222?
False
Is 600 a multiple of 17?
False
Is 89 a factor of 11532?
False
Does 128 divide 27969?
False
Is 16 a factor of 880?
True
Is 12 a factor of 126?
False
Does 67 divide 20033?
True
Is 1516 a multiple of 3?
False
Is 5144 a multiple of 29?
False
Does 6 divide 4459?
False
Is 225 a factor of 79425?
True
Does 42 divide 6827?
False
Is 403 a multiple of 6?
False
Is 2752 a multiple of 86?
True
Is 17845 a multiple of 289?
False
Is 4 a factor of 288?
True
Is 1329 a multiple of 30?
False
Is 7307 even?
False
Is 459 a multiple of 29?
False
Is 42 a factor of 1554?
True
Does 23 divide 58037?
False
Is 4 a factor of 1240?
True
Is 86 a factor of 4558?
True
Is 668 a multiple of 22?
False
Is 585 a multiple of 19?
False
Does 5 divide 145?
True
Is 391 a multiple of 5?
False
Is 167 a factor of 3548?
False
Is 213 a multiple of 3?
True
Is 200 even?
True
Does 6 divide 1056?
True
Does 10 divide 1030?
True
Is 110 a factor of 17050?
True
Is 5 a factor of 19?
False
Is 25 a factor of 250?
True
Does 6 divide 12378?
True
Is 1195 a multiple of 26?
False
Is 5219 a multiple of 144?
False
Is 540 a multiple of 15?
True
Is 7 a factor of 280?
True
Is 299 a multiple of 3?
False
Does 5 divide 227?
False
Is 18 a factor of 233?
False
Does 84 divide 491?
False
Does 41 divide 3588?
False
Does 12 divide 12935?
False
Is 17068 a multiple of 34?
True
Is 14 a factor of 47119?
False
Is 54 a factor of 1142?
False
Is 3 a factor of 4926?
True
Is 230 a factor of 11270?
True
Does 11 divide 156971?
False
Is 17 a factor of 7957?
False
Does 16 divide 6368?
True
Does 10 divide 930?
True
Does 27 divide 8019?
True
Is 53 a factor of 25122?
True
Does 155 divide 60450?
True
Does 74 divide 7104?
True
Is 36 a factor of 1586?
False
Does 105 divide 3570?
True
Is 10 a factor of 35830?
True
Is 33524 a multiple of 34?
True
Does 15 divide 1207?
False
Does 25 divide 549?
False
Is 29081 a multiple of 15?
False
Is 19 a factor of 3755?
False
Is 305 a factor of 11285?
True
Is 1235 a multiple of 19?
True
Is 17596 a multiple of 166?
True
Is 887 a multiple of 32?
False
Is 2 a factor of 13464?
True
Is 47 a factor of 12220?
True
Is 712 a multiple of 47?
False
Does 3 divide 17592?
True
Is 2559 a multiple of 6?
False
Is 33 a factor of 4517?
False
Is 13 a factor of 11297?
True
Does 28 divide 18835?
False
Does 11 divide 220?
True
Is 18 a factor of 3606?
False
Is 7363 a multiple of 56?
False
Is 12 a factor of 1552?
False
Is 14 a factor of 2730?
True
Does 99 divide 5963?
False
Is 155 a factor of 5009?
False
Is 7687 a multiple of 28?
False
Is 12844 a multiple of 26?
True
Does 6 divide 3946?
False
Is 27 a factor of 12314?
False
Is 1577 a multiple of 17?
False
Is 720 a multiple of 5?
True
Is 31 a factor of 291?
False
Is 20 a factor of 20?
True
Is 21424 a multiple of 26?
True
Does 12 divide 10801?
False
Does 28 divide 4452?
True
Is 52 a factor of 119006?
False
Is 3743 a multiple of 52?
False
Is 10 a fa